a**2 - 12*a - 27. What is the units digit of h(-2)?
3
Let f = 42 + -40. Suppose 0 = f*w - 289 + 97. What is the units digit of w?
6
Let f = -10 - -14. Let v = 14 - -7. Suppose v = f*l - 43. What is the units digit of l?
6
Let v = 2316 + -1149. What is the thousands digit of v?
1
Suppose -b = 4*z - 3, -3*z = 4*b + z - 36. Suppose -w = -53 - b. What is the tens digit of w?
6
Let h = 137 + 3116. What is the thousands digit of h?
3
Let k be 1 + (-4)/4 + 0. Suppose k = 2*p + 3*p. Suppose p = -0*j + 3*j - 15. What is the units digit of j?
5
What is the hundreds digit of (0 - (-108)/(-5))/(243/(-3240))?
2
Let y(d) = -d**3 - 2*d**2 + 24*d + 51. What is the tens digit of y(-7)?
2
What is the tens digit of 16/(-14)*819/(-18)?
5
Let c = 55 - -41. Suppose 3*h = 4*z - 128, z - 2*h = 4*z - c. Let n = z - 13. What is the tens digit of n?
1
Let n(s) = 2*s. Let v be n(2). Suppose 56 = v*g + 16. Suppose 5*t - 100 = p, 0*p + 2*p = -g. What is the tens digit of t?
1
Suppose 0 = 10*d - 207 + 27. What is the units digit of 174/d + 2/6?
0
Let o be (5/(-10))/(1/22). Let f be (-644)/(-16) + 1/(-4). Let s = f + o. What is the tens digit of s?
2
Let q(i) = i**2 - 6*i - 9. Let u be q(8). Let j(d) = -d**2 + 7*d + 2. Let s be j(u). Suppose s*f + 32 = 4*f. What is the tens digit of f?
1
Let n = 22 + -19. Suppose n*h - 3*p - 420 = 0, 158 + 128 = 2*h + 4*p. What is the hundreds digit of h?
1
Let f(h) = 7*h + 10. Let z(p) = -p + 1. Let k(r) = -2*f(r) - 10*z(r). What is the units digit of k(-23)?
2
Suppose 0*s + 516 = 2*m + s, -5*m + 1284 = s. What is the hundreds digit of m?
2
Let v(h) = -h**3 - 3*h**2 - 3*h + 3. Let d be v(-3). Let z = d + -9. Suppose -5*t + 106 = 4*f, -4*f + z*f + 3*t = -18. What is the tens digit of f?
2
What is the tens digit of 1 + (-2)/1 - (-334 + -11)?
4
Suppose 6661 + 6629 = 15*f. What is the tens digit of f?
8
Let q(m) = m**3 + 3*m**2 - 2*m + 4. Let f be q(3). Suppose -h + 76 + f = 3*b, -184 = -4*b + 2*h. What is the units digit of b?
4
Suppose -3*u + 4*u - 20 = 3*g, -g = -3*u + 44. Suppose 0 = -15*t + u*t + 61. What is the units digit of t?
1
Suppose -26*j = -31*j + 6060. What is the hundreds digit of j?
2
Suppose 2*c + 5 = -v, 0*v - 9 = v + 4*c. Let m = v - -4. Suppose -5*q - 9 = -4*f, 3*f + f - m*q - 15 = 0. What is the units digit of f?
6
Let b(n) = -n**3 + 4*n**2 - 3*n + 2. Let o be b(3). Suppose 0 = -o*p - 3*s + 209, -6*s + 4*s = p - 105. What is the units digit of p?
3
Let l(r) = -9*r**3 + 2*r**2 - r - 1. Let b be l(2). Let v = 12 - b. What is the tens digit of v?
7
What is the units digit of -3 - (-1 + 5) - (53 - 3288)?
8
Suppose 0 = 3*d + 3*y + 27, 2*d = 2*y + 2*y. Let c(m) = m + 7. What is the units digit of c(d)?
1
Suppose -b - 63 = 33. Let t = 257 + b. What is the units digit of t?
1
Suppose 394*d - 397*d = -1440. What is the hundreds digit of d?
4
Suppose 52*y + 27 = 51*y. Let f be (-1 - -45)/(1/2). Let t = y + f. What is the tens digit of t?
6
What is the units digit of 244207/57 - -18 - (-2)/3?
3
Let i = -1732 - -3453. What is the hundreds digit of i?
7
Let g(d) = d. Let f(m) = 12*m + 16. Let i(j) = f(j) - 2*g(j). Let o be i(7). Suppose 4*u - 54 = o. What is the units digit of u?
5
What is the thousands digit of (-33507)/18*(-4)/6?
1
Let p be -5*8/(-10)*1. Let x(b) = 15*b + 5. Let q be x(p). Suppose q = -9*r + 14*r. What is the units digit of r?
3
Suppose 4*l - 1043 = -3*c, -2450 + 729 = -5*c + 2*l. Let s = -11 - -15. Suppose s*d - c = -d. What is the tens digit of d?
6
Let x(j) = -j**2 + 6*j + 8. Let q be x(6). Let h(p) = 7*p**2 - 5 - p**3 + 6*p - 4 + 4*p. What is the units digit of h(q)?
7
Let h = -1707 + 1826. What is the tens digit of h?
1
Let d be (0 - (3 - 0))*-13. Let o = -12 + d. What is the tens digit of o?
2
Let v be 116/(-6) + (-22)/33. Let o be 5*1*v/(-25). Suppose 69 = 3*s + o*x, 4*s - 42 = 3*s + 5*x. What is the units digit of s?
7
Suppose 20*y + 684 = 8384. What is the tens digit of y?
8
Let h(a) = -16*a - 1. Let u be h(-3). Let i be (0 + (-18)/24)/((-2)/8). Suppose 5*v + u = i*p, 41 = 5*p - 2*p + v. What is the units digit of p?
4
Suppose 333 + 399 = 2*m. What is the units digit of m?
6
Suppose 10*n - 14641 = 20689. What is the tens digit of n?
3
Let j(b) be the first derivative of -b**5/20 + 7*b**4/12 + b**3/6 + 5*b**2 - 7*b + 3. Let g(m) be the first derivative of j(m). What is the units digit of g(7)?
7
Let k = 4878 + -2684. What is the thousands digit of k?
2
Suppose -2*v + 5*y + 2759 = 928, 5*v + y = 4591. What is the hundreds digit of v?
9
Let v(s) = s**3 - 5*s**2 + 5*s - 7. Let c be -2 + 3 + 0 - -2. Suppose 0 = -i + c*i - 10. What is the units digit of v(i)?
8
Suppose -25*m = 38*m - 229950. What is the thousands digit of m?
3
Let c(f) be the second derivative of -f**3/2 + 3*f. Let j be c(-1). Let o(h) = 6*h - 4. What is the tens digit of o(j)?
1
Let r be (-6)/16 - (-45)/(-8). What is the units digit of (r/4)/(8/(-16))*46?
8
Let m be (18 - 6/3)*26. Suppose -5*g + 1145 = j, -3*g = j - 269 - m. What is the units digit of g?
0
Let y be 9/(-3)*(-176)/4. Suppose 9*z - 8*z = -60. Let r = z + y. What is the units digit of r?
2
Let m(c) = -c**3 - c**2 + c - 9. Let n be m(0). Suppose 0 = -16*p + 11*p + 135. Let q = p + n. What is the units digit of q?
8
Let f(o) = -o**3 - 17*o**2 - 4*o - 3. Let s be (-2)/4*(38 - 4 - 0). What is the units digit of f(s)?
5
Let j = -9198 - -15473. What is the thousands digit of j?
6
Suppose 0 = -3*l - 2*s + 708, -l - 2*s = -21 - 211. What is the units digit of l?
8
Suppose 5956 = 4*u - a, -3*u = 2*u - 3*a - 7445. What is the thousands digit of u?
1
Let p(w) = -w**3 - w + 123. Let q(l) = -l**3 + 6*l**2 - 4*l - 5. Let z be q(5). Let i be p(z). What is the tens digit of i/3*(1 + 0)?
4
Suppose -s = 37*s - 41686. What is the units digit of s?
7
Suppose 0*l - 5*l + 4*d - 461 = 0, -4 = 4*d. Let g = l - -146. What is the tens digit of g?
5
Let r = 63 + -110. Let n = r + 61. What is the units digit of n?
4
Let n(g) = 1. Let z(k) = -k + 2. Let c(x) = 6*n(x) + z(x). Let u be c(6). Suppose -20 = -h + q, -4 = -u*q + q. What is the units digit of h?
4
Let h = 230 - 238. Let g be 50*(-2)/((-12)/(-9)). What is the tens digit of (h/(-4) - g) + 2?
7
Suppose -4*p + 2*t = -320, 0*t - t = -5*p + 403. Suppose -77*s = -p*s + 1308. What is the tens digit of s?
2
Let v be 2/(0/(-2) - (-1)/(-1)). What is the tens digit of (-1480)/(-18) - v/(-9)?
8
Let y(s) = 13*s + 3 + 7 + 1 - 5. Let x be y(3). Let f = -25 + x. What is the units digit of f?
0
Let h = -51 - -113. Let t = -17 + h. What is the units digit of t?
5
Suppose 2*d = 0, -8*k = -4*k - d - 12. Suppose 5*x - 1105 = -5*z, 0 = -4*z + 5*x - k*x + 866. What is the units digit of z?
8
Let u(i) = -3*i**2 - 3*i. Let n be u(-2). Let k be (-4)/n - (-26)/6. Suppose r - k*g - 8 = 0, -5*r + 40 = 2*g - 54. What is the units digit of r?
8
What is the hundreds digit of 458 - ((-27)/3)/(-3)?
4
Let p(m) = -m**3 + 2*m**2 - 2*m + 2. Let g be p(2). What is the units digit of (-4 - g - 1)*-21?
3
Let x be (-3)/((-3)/1)*0. Suppose -3*k + r + 18 = x, -r + 1 = k - 1. Suppose -k*u = a - 2*a - 56, 4*a = -4*u + 64. What is the tens digit of u?
1
Let a be (2/(-3))/((-2)/12). Suppose -a*l = -3 - 1. What is the units digit of (-14 - -9)/(l*-1)?
5
Let c(x) = 3*x**2 - 4*x - 9. What is the tens digit of c(-6)?
2
Suppose -g = 4*p - 326 - 210, 5*p - 670 = -3*g. What is the units digit of p?
4
Suppose -4*p + 2*p + 820 = 0. Suppose -26*i = -21*i - p. What is the units digit of i?
2
Let v(r) = r**2 + 4*r - 53. Let y be v(10). Suppose q + y = 336. What is the hundreds digit of q?
2
Suppose 5*o = -y + 20, -4*o + 4 + 12 = 0. Suppose -5*n + 4*k = -359, 2*k = n - y*n - 67. What is the tens digit of n?
7
Let r(b) = b + 2. Let y = -24 - -15. Let q be r(y). Let i(t) = t + 10. What is the units digit of i(q)?
3
Suppose -4*s + 4282 = 2*k, 3 = s + 6. What is the thousands digit of k?
2
Let r = 496 + 455. What is the hundreds digit of r?
9
Let p(y) = 7*y**2 - 1. Let t be p(1). Let d = -2 + t. Suppose -2*w + 6*s + 34 = s, -d*s = 3*w - 74. What is the units digit of w?
2
Let d be 0 + 2 - (2 - 594). Suppose -13*p = -2*p - d. What is the tens digit of p?
5
Let u be (36/(-24))/((-6)/356). Let c = 51 + u. Suppose 0 = -5*r + w - 6*w + c, 3*w + 12 = 0. What is the tens digit of r?
3
Let r be ((-1)/(-3))/(4/84). Let m 